6)). Suppose 2*w = -j*y + 32, -3 = y + 2*y. Calculate the highest common factor of w and 6.
6
Let t = -8 + 56. Suppose w + w = t. What is the highest common factor of w and 216?
24
Let o be (-2 - -1)*16/(-4). Suppose 0*n - o*n = -36. What is the greatest common divisor of 1 and n?
1
Let o(h) = 19*h**2. Let k be o(-1). Calculate the greatest common factor of k and 95.
19
Let t(j) = 2*j**3 - j**2 + 2*j - 1. Let x = -20 + 23. Let v be t(x). Calculate the highest common divisor of 20 and v.
10
Let x = 61 - 43. Suppose -u - 3 = u + 3*i, 0 = u + 5*i + 12. Calculate the greatest common divisor of u and x.
3
Let y(b) = -3*b**3 - 17*b**2 - 13*b - 1. Let n be y(-5). Let c be 43*1 - 2/2. Calculate the greatest common factor of n and c.
14
Suppose -6*l + 42 = -42. Suppose -68 = -3*u + 2*m - l, 4*u - 5*m - 65 = 0. What is the highest common factor of 10 and u?
10
Let t = 8 + 1. Let w(z) = -z**3 + 4*z**2 + z + 5. Let x be w(4). Calculate the highest common factor of x and t.
9
Let l = -9 + 11. Suppose 2*g - 4*g + 20 = -2*d, 5*g = -l*d + 78. Calculate the greatest common divisor of g and 70.
14
Let u be 2/10 + (-26)/5. Let n be 26 - (-1 + (-2 - u)). Suppose -28 = -g + 8. Calculate the greatest common divisor of n and g.
12
Suppose h - 6 = 27. Let y = h - 18. Let m be 2/(-3) + (-1585)/(-15). Calculate the greatest common divisor of m and y.
15
Suppose 10*t - 11*t = -1. Calculate the greatest common factor of t and 11.
1
Let v be (-5228)/(-36) - (-4)/(-18). Let s(d) = -18*d - 14. Let j be s(-4). What is the greatest common factor of v and j?
29
Suppose 6*u - 10*u + 144 = 0. What is the highest common divisor of u and 24?
12
Let i(o) = -6*o - 11. Suppose -3*x + 5*u + 50 = 8, -42 = -5*x - u. Let z be i(x). Let r = z + 120. What is the highest common divisor of r and 5?
5
Let g = -133 + 205. Calculate the highest common divisor of 8 and g.
8
Suppose -m - 2*o = 66, 5*m - o + 330 = -6*o. Suppose 3*p = -9, -p = 3*h - 4*p - 438. Let z = m + h. What is the greatest common factor of z and 7?
7
Let k = 74 + -52. Calculate the greatest common divisor of k and 242.
22
Let z = 911 + -524. Calculate the highest common factor of 43 and z.
43
Suppose -194 - 646 = -7*t. Calculate the highest common divisor of t and 15.
15
Let d(g) = g**3 - 10*g**2 + 9*g + 2. Let q be d(9). Suppose z + q*z = -6. Let f be 292/8 + z/4. What is the highest common divisor of f and 9?
9
Let v(y) = y**2 + 5*y - 4. Let g be v(-6). Let a = 67 + -63. Calculate the greatest common factor of a and g.
2
Let k(p) = -p**2 + 5*p - 2. Let i be k(3). Suppose -5*a + 3*z + 31 = 0, -i*a + 5*a = z + 7. Calculate the highest common divisor of 30 and a.
5
Let y(l) = 6*l + 68. Let v be y(-8). Calculate the highest common divisor of 4 and v.
4
Let i(u) = -2*u - 1. Let s be i(-3). Suppose 4*c + y = 405, c = s*c + 4*y - 396. Calculate the greatest common factor of 68 and c.
34
Let b(u) = 3*u**3 + u**2 - 3*u. Let i be b(3). Calculate the greatest common divisor of 9 and i.
9
Suppose 3*y + 3 = 15. Let q = -56 - -76. What is the greatest common factor of q and y?
4
Let v = 129 - -36. What is the greatest common factor of v and 66?
33
Suppose 18 = 5*x - 3*y + 7*y, -8 = -x - 3*y. Suppose -u + 4 = 5*c, -3*c + x = -u + 2*u. Calculate the highest common factor of 5 and c.
1
Suppose 0 = -m - 4 + 52. Suppose -3*o + 107 + 37 = 0. Suppose 0 = 2*a + 2*a - y - o, 3*y = -a + 12. What is the greatest common factor of a and m?
12
Let f be (-21)/((3 - 2)*-1). What is the greatest common divisor of 14 and f?
7
Let p = -36 + 50. What is the greatest common factor of p and 49?
7
Let i(t) = 15*t. Let h be i(2). Suppose 2*o - 36 = -5*y, 2*o - 3*o + 24 = 4*y. Let v be (-8)/(-3)*36/o. What is the highest common factor of v and h?
6
Suppose 2*k - m = 11, k - 3*m - 15 = -2*k. Let z be 3/6 + 141/k. Calculate the greatest common divisor of 16 and z.
8
Let c be 1*3 + 3*2/(-6). What is the greatest common divisor of c and 3?
1
Let w be ((-14)/(-6))/(3/(-18)). Let o be (-206)/w - 8/(-28). What is the highest common factor of o and 5?
5
Suppose 0 = -3*i + 22 - 1. What is the highest common factor of 7 and i?
7
Suppose 5*t - 2*t = -9, 0 = c + 2*t - 29. Let m = -376 - -383. Calculate the highest common factor of c and m.
7
Suppose -10*t + 110 = -5*t. What is the highest common divisor of 55 and t?
11
Let d be -1 - -2 - 162/(-6). Let j = d + -15. Calculate the greatest common factor of 104 and j.
13
Let f be -1*1*-11 - (-40 - -37). Calculate the greatest common divisor of f and 7.
7
Let d(h) = 3*h**3 - 10*h**2 - 8*h + 10. Let v be d(4). Calculate the greatest common factor of v and 4.
2
Suppose -2*n + 16 = -5*g, -2*n + 7 + 1 = -g. Suppose -n*b = -54 - 9. Calculate the highest common factor of 3 and b.
3
Let v(w) = -w**3 + 4*w**2 - 2*w - 2. Let f be v(2). Suppose -2*h + 134 = f*p, h = 3*h - 2. What is the highest common divisor of p and 22?
22
Suppose 0 = 12*n - 15*n + 132. What is the highest common divisor of 4 and n?
4
Let p(r) = -r**3 + 7*r**2 - 5*r - 2. Let q be (-2)/(-7) + (-164)/(-14). Suppose w = -w + q. Let f be p(w). Calculate the greatest common divisor of 20 and f.
4
Suppose -9 - 6 = -5*n. Suppose -i = 2*q - 430, -2*q = n*i - 0*i - 422. Calculate the highest common factor of 31 and q.
31
Let h = -1 + 2. Let s be h + (-6)/(6/2). Let f be (3 - s) + -1 + 3. What is the greatest common divisor of f and 15?
3
Let v = -859 + 1264. Calculate the highest common divisor of v and 45.
45
Suppose 2*f - 42 = -12. Calculate the greatest common divisor of 3 and f.
3
Let v = -413 - 182. Let b = -139 - v. Suppose 5*q - 5*s - 570 = 0, -4*q + b = -2*s - 3*s. Calculate the greatest common factor of q and 19.
19
Let v be (2 - 96)*-1 - -5. What is the highest common divisor of 11 and v?
11
Suppose -2*h = 2, -3*y - 2*y = 5*h + 40. Let x = y - -11. Suppose 0 = z + x*z + 5, -4*n + 220 = -4*z. Calculate the highest common factor of 6 and n.
6
Let k(i) = i**3 + 5*i**2 - i - 2. Suppose -m + 3*p + 1 = -0*p, 3*m - p = 19. Let z = m - 12. Let r be k(z). What is the greatest common factor of 12 and r?
3
Let f be (-6)/27 + (-2020)/(-18). What is the greatest common divisor of 16 and f?
16
Let o(h) = 50*h**2 - 2*h. Let g be o(-1). What is the greatest common factor of g and 52?
52
Let z = -77 + 85. Calculate the highest common divisor of 40 and z.
8
Let p = -11 - -16. Suppose -5*s + 96 = 3*n - 0*n, -5*s = p*n - 90. What is the highest common divisor of s and 7?
7
Let z = 8 + 4. Calculate the greatest common divisor of z and 108.
12
Let n be (-2)/(-5) + 94/(-10). Let l be (n/2)/((-21)/28). Calculate the greatest common divisor of l and 12.
6
Let j(o) = o**2 + 3*o + 1. Let r be j(6). Let k = 1 - -2. Let l(z) = -z**3 + 4*z**2 - z - 1. Let x be l(k). What is the greatest common factor of r and x?
5
Let s = -3 - -7. Suppose 3*o - 7*o = 3*b - 12, s*o + 12 = 3*b. Suppose -l + 0*l + 2 = 0. What is the greatest common divisor of l and b?
2
Let n(j) = j**3 + 3*j**2 - 4*j - 2. Let t be n(-4). Let c be 0 - ((t - 109) + 1). Calculate the highest common factor of 10 and c.
10
Suppose -3*y + 2*f = 2*y - 2, f = -2*y + 8. Suppose -2*w = u + y, 0 = 3*u - 0*w + w - 14. Suppose 10 = 2*g - u. What is the greatest common divisor of g and 8?
8
Let h be (-1 + 0)*-2 - -20. Suppose -5*x + 978 = -0*x - 3*j, 0 = -5*x + j + 986. What is the greatest common factor of h and x?
22
Suppose 0 = -2*h + h + 32. Suppose 4*k = -4*c + h, 17 = 4*k - 3*c - 29. What is the greatest common factor of 100 and k?
10
Let r(v) = -4*v - 10. Let i be r(-6). Suppose 5*o + 2*l - 480 = 0, 2*o + 5*l - 367 = -2*o. What is the greatest common factor of o and i?
14
Suppose -4*k = -8*k + 64. What is the greatest common divisor of 2 and k?
2
Let m = -103 + 58. Let z(s) = -2*s**2 - 3*s - 2. Let w be z(-2). Let o be (m/6)/(3/w). What is the highest common factor of o and 20?
10
Suppose 0 = 41*b - 38*b - 36. What is the greatest common factor of b and 24?
12
Let o(p) = -11*p - 1. Let d be o(-3). What is the greatest common factor of d and 8?
8
Let c(x) = 2*x**2 - x - 9. Let u be c(3). What is the highest common divisor of u and 30?
6
Suppose z - 47 = -2*c, -4*c + 66 = z - 29. Let i = -15 - -21. Suppose -5*t = r - 29, t - i = 2*r + 2. Calculate the highest common factor of t and c.
6
Let c = 11 - 8. Suppose -3*q + 5*d = q - 39, -5*q + 